{"id":842,"date":"2021-07-25T12:11:18","date_gmt":"2021-07-25T10:11:18","guid":{"rendered":"https:\/\/www.anwaltskanzlei-grunert.de\/?page_id=842"},"modified":"2022-02-17T19:38:43","modified_gmt":"2022-02-17T18:38:43","slug":"mediation","status":"publish","type":"page","link":"https:\/\/www.anwaltskanzlei-grunert.de\/index.php\/mediation\/","title":{"rendered":"Mediation"},"content":{"rendered":"\r\n<figure class=\"wp-block-image size-full\"><a href=\"https:\/\/www.anwaltskanzlei-grunert.de\/wp-content\/uploads\/2021\/07\/MG_0259.jpg\"><img loading=\"lazy\" decoding=\"async\" width=\"1000\" height=\"339\" class=\"wp-image-865\" src=\"https:\/\/www.anwaltskanzlei-grunert.de\/wp-content\/uploads\/2021\/07\/MG_0259.jpg\" alt=\"\" srcset=\"https:\/\/www.anwaltskanzlei-grunert.de\/wp-content\/uploads\/2021\/07\/MG_0259.jpg 1000w, https:\/\/www.anwaltskanzlei-grunert.de\/wp-content\/uploads\/2021\/07\/MG_0259-300x102.jpg 300w, https:\/\/www.anwaltskanzlei-grunert.de\/wp-content\/uploads\/2021\/07\/MG_0259-768x260.jpg 768w, https:\/\/www.anwaltskanzlei-grunert.de\/wp-content\/uploads\/2021\/07\/MG_0259-624x212.jpg 624w\" sizes=\"auto, (max-width: 1000px) 100vw, 1000px\" \/><\/a><\/figure>\r\n\r\n\r\n\r\n<p class=\"has-text-align-left\"><strong>Dr. Grunert als Mediator<\/strong><\/p>\r\n\r\n\r\n\r\n<p class=\"has-text-align-left\">Ich bin seit mehr als 15 Jahren Rechtsanwalt und Unternehmensberater und habe w\u00e4hrend meiner T\u00e4tigkeit neben vielen gerichtlichen Verfahren auch Konflikte bearbeitet, in denen anwaltliche oder gerichtliche Verfahrenweisen nicht die beste Wahl waren, weil diese u. U. zu einer Verh\u00e4rtung der Fronten f\u00fchren k\u00f6nnen. Beispiele sind famili\u00e4re Streitigkeiten in Unternehmen, etwa wenn es um Gesellschaftsanteile geht oder um die Unternehmensnachfolge, ferner bei Schwierigkeiten im Umgang zwischen Mitarbeitern oder in der F\u00fchrungshierarchie. So bin ich zur Mediation, also zur au\u00dfergerichtlichen Streitbeilegung bzw. Konfliktl\u00f6sung gekommen, die ich ebenso wie die Anwaltst\u00e4tigkeit betreibe.<\/p>\r\n\r\n\r\n\r\n<figure class=\"wp-block-image size-full\"><a href=\"https:\/\/www.anwaltskanzlei-grunert.de\/wp-content\/uploads\/2021\/07\/MG_0104.jpg\"><img loading=\"lazy\" decoding=\"async\" width=\"1000\" height=\"667\" class=\"wp-image-889\" src=\"https:\/\/www.anwaltskanzlei-grunert.de\/wp-content\/uploads\/2021\/07\/MG_0104.jpg\" alt=\"\" srcset=\"https:\/\/www.anwaltskanzlei-grunert.de\/wp-content\/uploads\/2021\/07\/MG_0104.jpg 1000w, https:\/\/www.anwaltskanzlei-grunert.de\/wp-content\/uploads\/2021\/07\/MG_0104-300x200.jpg 300w, https:\/\/www.anwaltskanzlei-grunert.de\/wp-content\/uploads\/2021\/07\/MG_0104-768x512.jpg 768w, https:\/\/www.anwaltskanzlei-grunert.de\/wp-content\/uploads\/2021\/07\/MG_0104-624x416.jpg 624w\" sizes=\"auto, (max-width: 1000px) 100vw, 1000px\" \/><\/a><\/figure>\r\n\r\n\r\n\r\n<p><strong>Wesen der Mediation<\/strong><\/p>\r\n\r\n\r\n\r\n<p class=\"has-text-align-left\"><strong><em>&#8222;Probleme kann man niemals mit derselben Denkweise l\u00f6sen, durch die sie entstanden sind.&#8220;<\/em> <\/strong>Albert Einstein<\/p>\r\n\r\n\r\n\r\n<p class=\"has-text-align-left\">Die Mediation ist keine Beratung im juristischen Sinne. Sie urteilt nicht. Sie steht nicht nur auf einer Seite. Vielmehr bin ich als Mediator allparteilich, das hei\u00dft ich versuche, alle am Konflikt Beteiligten ganz zu verstehen. In einem phasengeleiteten Verfahren unterst\u00fctze und best\u00e4rke ich die Teilnehmer, in die eigene Klarheit zu kommen und sich selbst mit all Ihren Interessen, W\u00fcnschen, Gef\u00fchlen und Bed\u00fcrfnissen ganz zu zeigen. Auf diese Weise sind sie dann in der Lage, auch die Sichtweisen des anderen gelten zu lassen. In dieser Atmosph\u00e4re des wechselseitigen und respektvollen Zuh\u00f6rens entstehen erstaunliche Ergebnisse, an die die Beteiligten am Anfang noch gar nicht gedacht haben und die einen Mehrwert f\u00fcr alle bilden.<\/p>\r\n\r\n\r\n\r\n<figure class=\"wp-block-image\"><img decoding=\"async\" src=\"https:\/\/www.anwaltskanzlei-grunert.de\/wp-content\/uploads\/2021\/07\/MG_0128.jpg\" alt=\"Dieses Bild hat ein leeres Alt-Attribut. Der Dateiname ist MG_0128.jpg\" \/><\/figure>\r\n\r\n\r\n\r\n<p><strong>Meine Philosophie<\/strong><\/p>\r\n\r\n\r\n\r\n<p><em><strong>&#8222;Jenseits von richtig und falsch liegt ein Ort. Da treffen wir uns.&#8220;<\/strong><\/em><br \/>Rumi, Dschal\u00e2l-ed-d\u00een (zitiert nach Mashall B. Rosenberg)<\/p>\r\n\r\n\r\n\r\n<p class=\"has-text-align-left\">Was mich antreibt: Mein tiefer Wunsch nach echter Verst\u00e4ndigung zwischen Menschen.<br \/>Wenn wir es schaffen, den Schleier des urteilenden Denkens, den unser innerer Richter \u00fcber uns legt, zu durchbrechen, werden wir Klarheit erfahren. Diese Klarheit f\u00fchrt uns zu unserem Grundwasser der Gef\u00fchle und Bed\u00fcrfnisse &#8211; dessen, was uns jenseits des vom Kopfgesteuerten, nur von Interessen geleiteten Wollens wirklich bewegt. Auf diese Weise \u00f6ffnen sich neue Wege und L\u00f6sungen, deren Fundament tiefer geht und dadurch tragf\u00e4higer ist, weil es aus unserem Innersten kommt. Die empathische Kl\u00e4rung des innersten Brauchens jedes Mediationsteilnehmers verbunden mit der M\u00f6glichkeit, dieses im Mediationsgespr\u00e4ch auch den Anderen h\u00f6ren zu lassen und zugleich auch dessen wahre Bed\u00fcrfnisse wahrzunehmen, f\u00fchrt beide Seiten in ein kooperatives Miteinander, auf dessen Basis authentische, Klarheit und Heilung bringende L\u00f6sungen entstehen.<\/p>\r\n\r\n\r\n\r\n<figure class=\"wp-block-image size-full\"><a href=\"https:\/\/www.anwaltskanzlei-grunert.de\/wp-content\/uploads\/2021\/07\/MG_0218.jpg\"><img loading=\"lazy\" decoding=\"async\" width=\"1000\" height=\"670\" class=\"wp-image-890\" src=\"https:\/\/www.anwaltskanzlei-grunert.de\/wp-content\/uploads\/2021\/07\/MG_0218.jpg\" alt=\"\" srcset=\"https:\/\/www.anwaltskanzlei-grunert.de\/wp-content\/uploads\/2021\/07\/MG_0218.jpg 1000w, https:\/\/www.anwaltskanzlei-grunert.de\/wp-content\/uploads\/2021\/07\/MG_0218-300x201.jpg 300w, https:\/\/www.anwaltskanzlei-grunert.de\/wp-content\/uploads\/2021\/07\/MG_0218-768x515.jpg 768w, https:\/\/www.anwaltskanzlei-grunert.de\/wp-content\/uploads\/2021\/07\/MG_0218-624x418.jpg 624w\" sizes=\"auto, (max-width: 1000px) 100vw, 1000px\" \/><\/a><\/figure>\r\n\r\n\r\n\r\n<p><strong>Transformative Konfliktl\u00f6sung &#8211; mehr als reine Interessenwahrnehmung<\/strong><\/p>\r\n\r\n\r\n\r\n<p><em><strong>&#8222;Jeder ist Meister seines Schicksals; es ist an uns, die Ursache des Gl\u00fccks zu schaffen. Das liegt in unserer eigenen Verantwortung und nicht in der irgendeines anderen.&#8220;<\/strong><br \/><\/em>Dalai Lama<\/p>\r\n\r\n\r\n\r\n<p>Im Gegensatz zu Schiedsrichterentscheidungen, gerichtlichen Vergleichen oder Urteilen<br \/>treffen die Mediationsteilnehmer mit meiner Unterst\u00fctzung als Mediator unbeeinflusst und eigenverantwortlich ihre Entscheidungen. Hierbei hat das transformative Element (nach Dr. Dr. Gattus H\u00f6sl) einen ganz besonderen Stellenwert. Sie verwandeln ihren, meist mit negativen Gef\u00fchlen und Verurteilungen des anderen belasteten Konflikt in eine kreative Chance, den anderen besser zu verstehen, ihn wieder wertzusch\u00e4tzen und auch den eigenen Anteil am Konflikt zu sehen. So entstehen pers\u00f6nliches Wachstum und gr\u00f6\u00dfere Erkenntnistiefe als Grundlage f\u00fcr inneren Frieden und Kooperation in der Gesch\u00e4fts-\/ Partner-Beziehung, die einen Mehrwert f\u00fcr alle Beteiligten bildet.<\/p>\r\n\r\n\r\n\r\n<p><strong>Kosten<\/strong><\/p>\r\n\r\n\r\n\r\n<p>Der Stundensatz liegt bei 180,- Euro zzgl. MwSt. Die Mediation zeichnet sich gegen\u00fcber<br \/>vielen Gerichtsverfahren dadurch aus, dass sie schnell, beziehungsschonend und relativ<br \/>kosteng\u00fcnstig ist. Sie kann schon nach wenigen Gespr\u00e4chsrunden (meist 2-4) abgeschlossen werden, wobei jedes Mediationsgespr\u00e4ch ca. 3 Stunden dauert.<\/p>\r\n\r\n\r\n\r\n<p><strong>Kostenloses Informationsgespr\u00e4ch<\/strong><\/p>\r\n\r\n\r\n\r\n<p>Jeder Mediation geht ein kostenloses und unverbindliches Informationsgespr\u00e4ch von ca. 30 min voraus, in dem Sie sich ein Bild vom konkreten Ablauf machen und<br \/>entscheiden k\u00f6nnen, ob Sie die Mediation durchf\u00fchren m\u00f6chten.<\/p>\r\n\r\n\r\n\r\n<p><strong>Kontakt<\/strong><\/p>\r\n\r\n\r\n\r\n<p>F\u00fcr die Vereinbarung eines Termins nutzen Sie bitte das <a href=\"https:\/\/www.anwaltskanzlei-grunert.de\/index.php\/kontakt\/\">Kontaktformular<\/a>, schreiben Sie mir eine Email (kontakt@anwaltskanzlei-grunert.de) oder rufen Sie an, Tel.: +49 (0) 8052\/1786048.<\/p>\r\n","protected":false},"excerpt":{"rendered":"<p>Dr. Grunert als Mediator Ich bin seit mehr als 15 Jahren Rechtsanwalt und Unternehmensberater und habe w\u00e4hrend meiner T\u00e4tigkeit neben vielen gerichtlichen Verfahren auch Konflikte bearbeitet, in denen anwaltliche oder gerichtliche Verfahrenweisen nicht die beste Wahl waren, weil diese u. U. zu einer Verh\u00e4rtung der Fronten f\u00fchren k\u00f6nnen. Beispiele sind famili\u00e4re Streitigkeiten in Unternehmen, etwa [&hellip;]<\/p>\n","protected":false},"author":2,"featured_media":0,"parent":0,"menu_order":0,"comment_status":"closed","ping_status":"closed","template":"","meta":{"footnotes":""},"class_list":["post-842","page","type-page","status-publish","hentry"],"_links":{"self":[{"href":"https:\/\/www.anwaltskanzlei-grunert.de\/index.php\/wp-json\/wp\/v2\/pages\/842","targetHints":{"allow":["GET"]}}],"collection":[{"href":"https:\/\/www.anwaltskanzlei-grunert.de\/index.php\/wp-json\/wp\/v2\/pages"}],"about":[{"href":"https:\/\/www.anwaltskanzlei-grunert.de\/index.php\/wp-json\/wp\/v2\/types\/page"}],"author":[{"embeddable":true,"href":"https:\/\/www.anwaltskanzlei-grunert.de\/index.php\/wp-json\/wp\/v2\/users\/2"}],"replies":[{"embeddable":true,"href":"https:\/\/www.anwaltskanzlei-grunert.de\/index.php\/wp-json\/wp\/v2\/comments?post=842"}],"version-history":[{"count":14,"href":"https:\/\/www.anwaltskanzlei-grunert.de\/index.php\/wp-json\/wp\/v2\/pages\/842\/revisions"}],"predecessor-version":[{"id":923,"href":"https:\/\/www.anwaltskanzlei-grunert.de\/index.php\/wp-json\/wp\/v2\/pages\/842\/revisions\/923"}],"wp:attachment":[{"href":"https:\/\/www.anwaltskanzlei-grunert.de\/index.php\/wp-json\/wp\/v2\/media?parent=842"}],"curies":[{"name":"wp","href":"https:\/\/api.w.org\/{rel}","templated":true}]}}

<figure class="wp-block-image size-full"><a href="https://www.anwaltskanzlei-grunert.de/wp-content/uploads/2021/07/MG_0259.jpg"><img loading="lazy" decoding="async" width="1000" height="339" class="wp-image-865" src="https://www.anwaltskanzlei-grunert.de/wp-content/uploads/2021/07/MG_0259.jpg" alt="" srcset="https://www.anwaltskanzlei-grunert.de/wp-content/uploads/2021/07/MG_0259.jpg 1000w, https://www.anwaltskanzlei-grunert.de/wp-content/uploads/2021/07/MG_0259-300x102.jpg 300w, https://www.anwaltskanzlei-grunert.de/wp-content/uploads/2021/07/MG_0259-768x260.jpg 768w, https://www.anwaltskanzlei-grunert.de/wp-content/uploads/2021/07/MG_0259-624x212.jpg 624w" sizes="auto, (max-width: 1000px) 100vw, 1000px" /></a></figure>



<p class="has-text-align-left"><strong>Dr. Grunert als Mediator</strong></p>



<p class="has-text-align-left">Ich bin seit mehr als 15 Jahren Rechtsanwalt und Unternehmensberater und habe während meiner Tätigkeit neben vielen gerichtlichen Verfahren auch Konflikte bearbeitet, in denen anwaltliche oder gerichtliche Verfahrenweisen nicht die beste Wahl waren, weil diese u. U. zu einer Verhärtung der Fronten führen können. Beispiele sind familiäre Streitigkeiten in Unternehmen, etwa wenn es um Gesellschaftsanteile geht oder um die Unternehmensnachfolge, ferner bei Schwierigkeiten im Umgang zwischen Mitarbeitern oder in der Führungshierarchie. So bin ich zur Mediation, also zur außergerichtlichen Streitbeilegung bzw. Konfliktlösung gekommen, die ich ebenso wie die Anwaltstätigkeit betreibe.</p>



<figure class="wp-block-image size-full"><a href="https://www.anwaltskanzlei-grunert.de/wp-content/uploads/2021/07/MG_0104.jpg"><img loading="lazy" decoding="async" width="1000" height="667" class="wp-image-889" src="https://www.anwaltskanzlei-grunert.de/wp-content/uploads/2021/07/MG_0104.jpg" alt="" srcset="https://www.anwaltskanzlei-grunert.de/wp-content/uploads/2021/07/MG_0104.jpg 1000w, https://www.anwaltskanzlei-grunert.de/wp-content/uploads/2021/07/MG_0104-300x200.jpg 300w, https://www.anwaltskanzlei-grunert.de/wp-content/uploads/2021/07/MG_0104-768x512.jpg 768w, https://www.anwaltskanzlei-grunert.de/wp-content/uploads/2021/07/MG_0104-624x416.jpg 624w" sizes="auto, (max-width: 1000px) 100vw, 1000px" /></a></figure>



<p><strong>Wesen der Mediation</strong></p>



<p class="has-text-align-left"><strong><em>&#8222;Probleme kann man niemals mit derselben Denkweise lösen, durch die sie entstanden sind.&#8220;</em> </strong>Albert Einstein</p>



<p class="has-text-align-left">Die Mediation ist keine Beratung im juristischen Sinne. Sie urteilt nicht. Sie steht nicht nur auf einer Seite. Vielmehr bin ich als Mediator allparteilich, das heißt ich versuche, alle am Konflikt Beteiligten ganz zu verstehen. In einem phasengeleiteten Verfahren unterstütze und bestärke ich die Teilnehmer, in die eigene Klarheit zu kommen und sich selbst mit all Ihren Interessen, Wünschen, Gefühlen und Bedürfnissen ganz zu zeigen. Auf diese Weise sind sie dann in der Lage, auch die Sichtweisen des anderen gelten zu lassen. In dieser Atmosphäre des wechselseitigen und respektvollen Zuhörens entstehen erstaunliche Ergebnisse, an die die Beteiligten am Anfang noch gar nicht gedacht haben und die einen Mehrwert für alle bilden.</p>



<figure class="wp-block-image"><img decoding="async" src="https://www.anwaltskanzlei-grunert.de/wp-content/uploads/2021/07/MG_0128.jpg" alt="Dieses Bild hat ein leeres Alt-Attribut. Der Dateiname ist MG_0128.jpg" /></figure>



<p><strong>Meine Philosophie</strong></p>



<p><em><strong>&#8222;Jenseits von richtig und falsch liegt ein Ort. Da treffen wir uns.&#8220;</strong></em><br />Rumi, Dschalâl-ed-dîn (zitiert nach Mashall B. Rosenberg)</p>



<p class="has-text-align-left">Was mich antreibt: Mein tiefer Wunsch nach echter Verständigung zwischen Menschen.<br />Wenn wir es schaffen, den Schleier des urteilenden Denkens, den unser innerer Richter über uns legt, zu durchbrechen, werden wir Klarheit erfahren. Diese Klarheit führt uns zu unserem Grundwasser der Gefühle und Bedürfnisse &#8211; dessen, was uns jenseits des vom Kopfgesteuerten, nur von Interessen geleiteten Wollens wirklich bewegt. Auf diese Weise öffnen sich neue Wege und Lösungen, deren Fundament tiefer geht und dadurch tragfähiger ist, weil es aus unserem Innersten kommt. Die empathische Klärung des innersten Brauchens jedes Mediationsteilnehmers verbunden mit der Möglichkeit, dieses im Mediationsgespräch auch den Anderen hören zu lassen und zugleich auch dessen wahre Bedürfnisse wahrzunehmen, führt beide Seiten in ein kooperatives Miteinander, auf dessen Basis authentische, Klarheit und Heilung bringende Lösungen entstehen.</p>



<figure class="wp-block-image size-full"><a href="https://www.anwaltskanzlei-grunert.de/wp-content/uploads/2021/07/MG_0218.jpg"><img loading="lazy" decoding="async" width="1000" height="670" class="wp-image-890" src="https://www.anwaltskanzlei-grunert.de/wp-content/uploads/2021/07/MG_0218.jpg" alt="" srcset="https://www.anwaltskanzlei-grunert.de/wp-content/uploads/2021/07/MG_0218.jpg 1000w, https://www.anwaltskanzlei-grunert.de/wp-content/uploads/2021/07/MG_0218-300x201.jpg 300w, https://www.anwaltskanzlei-grunert.de/wp-content/uploads/2021/07/MG_0218-768x515.jpg 768w, https://www.anwaltskanzlei-grunert.de/wp-content/uploads/2021/07/MG_0218-624x418.jpg 624w" sizes="auto, (max-width: 1000px) 100vw, 1000px" /></a></figure>



<p><strong>Transformative Konfliktlösung &#8211; mehr als reine Interessenwahrnehmung</strong></p>



<p><em><strong>&#8222;Jeder ist Meister seines Schicksals; es ist an uns, die Ursache des Glücks zu schaffen. Das liegt in unserer eigenen Verantwortung und nicht in der irgendeines anderen.&#8220;</strong><br /></em>Dalai Lama</p>



<p>Im Gegensatz zu Schiedsrichterentscheidungen, gerichtlichen Vergleichen oder Urteilen<br />treffen die Mediationsteilnehmer mit meiner Unterstützung als Mediator unbeeinflusst und eigenverantwortlich ihre Entscheidungen. Hierbei hat das transformative Element (nach Dr. Dr. Gattus Hösl) einen ganz besonderen Stellenwert. Sie verwandeln ihren, meist mit negativen Gefühlen und Verurteilungen des anderen belasteten Konflikt in eine kreative Chance, den anderen besser zu verstehen, ihn wieder wertzuschätzen und auch den eigenen Anteil am Konflikt zu sehen. So entstehen persönliches Wachstum und größere Erkenntnistiefe als Grundlage für inneren Frieden und Kooperation in der Geschäfts-/ Partner-Beziehung, die einen Mehrwert für alle Beteiligten bildet.</p>



<p><strong>Kosten</strong></p>



<p>Der Stundensatz liegt bei 180,- Euro zzgl. MwSt. Die Mediation zeichnet sich gegenüber<br />vielen Gerichtsverfahren dadurch aus, dass sie schnell, beziehungsschonend und relativ<br />kostengünstig ist. Sie kann schon nach wenigen Gesprächsrunden (meist 2-4) abgeschlossen werden, wobei jedes Mediationsgespräch ca. 3 Stunden dauert.</p>



<p><strong>Kostenloses Informationsgespräch</strong></p>



<p>Jeder Mediation geht ein kostenloses und unverbindliches Informationsgespräch von ca. 30 min voraus, in dem Sie sich ein Bild vom konkreten Ablauf machen und<br />entscheiden können, ob Sie die Mediation durchführen möchten.</p>



<p><strong>Kontakt</strong></p>



<p>Für die Vereinbarung eines Termins nutzen Sie bitte das <a href="https://www.anwaltskanzlei-grunert.de/index.php/kontakt/">Kontaktformular</a>, schreiben Sie mir eine Email (kontakt@anwaltskanzlei-grunert.de) oder rufen Sie an, Tel.: +49 (0) 8052/1786048.</p>

<p>Dr. Grunert als Mediator Ich bin seit mehr als 15 Jahren Rechtsanwalt und Unternehmensberater und habe während meiner Tätigkeit neben vielen gerichtlichen Verfahren auch Konflikte bearbeitet, in denen anwaltliche oder gerichtliche Verfahrenweisen nicht die beste Wahl waren, weil diese u. U. zu einer Verhärtung der Fronten führen können. Beispiele sind familiäre Streitigkeiten in Unternehmen, etwa [&hellip;]</p>
